lse
Is 386863234 a prime number?
False
Is 5461109 prime?
True
Is 552889 prime?
False
Is 396543489 a prime number?
False
Is 1256401 a prime number?
False
Is 66596507 a composite number?
True
Is 225278303 a prime number?
True
Is 33900407 a composite number?
True
Is 315691 composite?
False
Is 33048019 composite?
False
Is 21579743 composite?
True
Is 34530607 a composite number?
False
Is 2255821 prime?
True
Is 57115493 composite?
False
Is 3918239 a composite number?
True
Is 12211754 composite?
True
Is 26554889 a composite number?
False
Is 632531141 prime?
False
Is 408762521 composite?
False
Is 17224351 prime?
False
Is 32736673 prime?
True
Is 68966819 prime?
True
Is 1942627 a composite number?
False
Is 103006997 prime?
False
Is 515440111 prime?
True
Is 26413619 a composite number?
False
Is 80990051 prime?
True
Is 66017109 composite?
True
Is 669759059 a prime number?
True
Is 11553149 a composite number?
True
Is 53628535 composite?
True
Is 54005023 a prime number?
True
Is 1397869 prime?
False
Is 1850455 prime?
False
Is 287579899 composite?
False
Is 737381 prime?
False
Is 3659627 a composite number?
False
Is 495754279 a prime number?
False
Is 11423141 a prime number?
False
Is 28285667 a composite number?
False
Is 9260765 a prime number?
False
Is 16269647 composite?
False
Is 1004117 a prime number?
True
Is 120738649 composite?
False
Is 21324361 a prime number?
True
Is 102118001 prime?
True
Is 10398877 prime?
True
Is 27795223 prime?
True
Is 731231 prime?
False
Is 441013618 a prime number?
False
Is 11369 composite?
False
Is 1051571 a composite number?
False
Is 167327 a prime number?
False
Is 36112357 a prime number?
False
Is 1751609 a composite number?
True
Is 373377971 composite?
False
Is 7298509 a composite number?
True
Is 1177067 a composite number?
False
Is 21315677 composite?
True
Is 1593791 a prime number?
False
Is 18244411 composite?
False
Is 1982894 composite?
True
Is 792839 composite?
True
Is 46216369 a composite number?
True
Is 170821934 a prime number?
False
Is 4734029 prime?
True
Is 160681181 a prime number?
False
Is 1679993 composite?
True
Is 12968693 a prime number?
False
Is 1922219 a prime number?
False
Is 10865683 prime?
False
Is 13695611 composite?
True
Is 14427557 prime?
True
Is 62338531 prime?
True
Is 2232749 composite?
False
Is 8747471 composite?
False
Is 168167773 composite?
True
Is 66158879 a composite number?
True
Is 2848361 composite?
False
Is 39192214 prime?
False
Is 81234059 a composite number?
False
Is 133769 prime?
True
Is 3151361 a composite number?
False
Is 119940553 a prime number?
True
Is 150739447 prime?
False
Is 1211141 a prime number?
True
Is 36125923 a prime number?
True
Is 196104599 a composite number?
True
Is 210309662 prime?
False
Is 3712759 a prime number?
False
Is 105739001 a composite number?
False
Is 17167993 a prime number?
True
Is 11258979 a prime number?
False
Is 3219955 a prime number?
False
Is 2473997 a prime number?
True
Is 814127 a prime number?
True
Is 904559 composite?
False
Is 50706241 a prime number?
True
Is 10376651 prime?
True
Is 1432498 a prime number?
False
Is 2092820749 a composite number?
False
Is 660367 a composite number?
False
Is 75745599 a composite number?
True
Is 18047395 a prime number?
False
Is 3682793 a composite number?
True
Is 331144969 a composite number?
True
Is 1657339 a prime number?
True
Is 274997479 a composite number?
False
Is 234353 a prime number?
False
Is 29200657 composite?
True
Is 22565617 composite?
False
Is 7228687 a composite number?
True
Is 11270465 prime?
False
Is 41047939 a composite number?
True
Is 2908897 a composite number?
True
Is 80178191 prime?
True
Is 513130393 composite?
True
Is 16966093 composite?
False
Is 2078363 prime?
False
Is 13371431 prime?
True
Is 4097801 prime?
False
Is 12229013 composite?
False
Is 1550287 a composite number?
False
Is 177551989 a composite number?
False
Is 61961287 a prime number?
False
Is 16316731 prime?
True
Is 8343103 composite?
True
Is 458571041 composite?
True
Is 21040343 composite?
True
Is 434459 a prime number?
True
Is 76119647 a prime number?
False
Is 3779911 a prime number?
False
Is 6146429 prime?
False
Is 3843311 prime?
True
Is 2677274 a composite number?
True
Is 6875173 prime?
False
Is 1108049 a composite number?
False
Is 824491 a composite number?
True
Is 370639 a prime number?
False
Is 7411537 composite?
True
Is 27563099 composite?
False
Is 4816771 a composite number?
True
Is 73232455 composite?
True
Is 8809291 a composite number?
False
Is 26727562 prime?
False
Is 116639303 a composite number?
True
Is 3030655 composite?
True
Is 35675677 a prime number?
True
Is 11772809 a composite number?
False
Is 20216653 a prime number?
False
Is 16714967 prime?
False
Is 80810861 a prime number?
True
Is 118766183 a prime number?
True
Is 647909 a composite number?
False
Is 23934301 prime?
False
Is 47143199 a composite number?
True
Is 498469241 a prime number?
True
Is 622299221 prime?
True
Is 145627 composite?
True
Is 1111079 composite?
True
Is 816869 composite?
False
Is 55043039 a prime number?
True
Is 1885383301 a composite number?
True
Is 35684447 prime?
True
Is 6275991 a composite number?
True
Is 13303699 prime?
True
Is 41220973 a prime number?
False
Is 380417 a composite number?
False
Is 4002893 composite?
False
Is 4717729 prime?
True
Is 9660239 a prime number?
False
Is 942330898 a composite number?
True
Is 82732883 a prime number?
True
Is 9153733 prime?
True
Is 9119333 prime?
True
Is 129222473 a prime number?
True
Is 65939677 a prime number?
True
Is 74485 a composite number?
True
Is 11783 a composite number?
False
Is 17011199 a prime number?
True
Is 50412581 composite?
False
Is 5430097 prime?
True
Is 735766705 prime?
False
Is 2281049 composite?
True
Is 653074 a composite number?
True
Is 6928291 composite?
False
Is 2534741 a composite number?
True
Is 9075491 prime?
True
Is 69902081 a prime number?
True
Is 201715747 a prime number?
True
Is 1855331 composite?
True
Is 32895815 a composite number?
True
Is 99484421 a prime number?
True
Is 176942433 a composite number?
True
Is 16293241 composite?
True
Is 155359997 composite?
True
Is 984187 a composite number?
True
Is 39655511 a prime number?
False
Is 13062638 prime?
False
Is 45622243 prime?
False
Is 528626383 composite?
False
Is 4960259 composite?
False
Is 363556913 prime?
True
Is 13365601 composite?
True
Is 145555421 a prime number?
False
Is 3315577 a composite number?
False
Is 5873107 composite?
False
Is 41004313 a prime number?
False
Is 296678 prime?
False
Is 2949701 composite?
False
Is 156817069 prime?
False
Is 62347561 a prime number?
False
Is 13771 a composite number?
True
Is 237997 prime?
True
Is 6260363 a composite number?
True
Is 544979 composite?
False
Is 524742083 prime?
True
Is 13707895 composite?
True
Is 1269901 composite?
False
Is 511319 a composite number?
True
Is 2439097 a composite number?
False
Is 1645841 a composite number?
True
Is 126598 prime?
False
Is 23802341 prime?
True
Is 53271847 a prime number?
True
Is 111608603 a prime number?
False
Is 154859753 a composite number?
False
Is 63892397 composite?
False
Is 6144931 prime?
False
Is 1211167 composite?
False
Is 184657631 a composite number?
False
Is 12659767 a prime number?
True
Is 88847777 a prime number?
False
Is 47922971 a composite number?
True
Is 7079 a composite number?
False
Is 90261221 prime?
True
Is 1180219 prime?
True
Is 280142293 a prime number?
True
Is 6178733 a prime number?
False
Is 23750107 prime?
False
Is 5588209 a prime number?
False
Is 27394777 composite?
False
Is 185971579 prime?
False
Is 66448133 a composite number?
False
Is 52402157 composite?
False
Is 452929 a prime number?
False
Is 856247 prime?
False
Is 642751601 a composite number?
False
Is 11777021 prime?
True
Is 5426873 a composite number?
True
Is 14523221 a prime number?
False
Is 95745641 prime?
False
Is 5784869 a composite number?
False
Is 62111449 prime?
True
Is 42417721 a prime number?
False
Is 8409829 a prime number?
True
Is 21844343 a prime number?
False
Is 22798463 prime?
True
Is 1955257 composite?
True
Is 38904869 prime?
True
Is 78198763 a composite number?
True
Is 123613031 a composite number?
True
Is 4336057 prime?
False
Is 4552133 composite?
True
Is 1902541 a composite number?
True
Is 297977 a composite number?
True
Is 26613313 a